ime factors of 1491?
3, 7, 71
What are the prime factors of 358?
2, 179
What are the prime factors of 549?
3, 61
List the prime factors of 108857.
7, 15551
What are the prime factors of 530?
2, 5, 53
List the prime factors of 52844.
2, 11, 1201
What are the prime factors of 107711?
19, 5669
List the prime factors of 162888.
2, 3, 11, 617
List the prime factors of 1498.
2, 7, 107
List the prime factors of 5674.
2, 2837
What are the prime factors of 4562?
2, 2281
What are the prime factors of 629?
17, 37
What are the prime factors of 37237?
23, 1619
List the prime factors of 63944.
2, 7993
List the prime factors of 1711.
29, 59
List the prime factors of 2883.
3, 31
List the prime factors of 10927.
7, 223
List the prime factors of 85217.
11, 61, 127
List the prime factors of 178206.
2, 3, 7, 4243
List the prime factors of 3327.
3, 1109
What are the prime factors of 1394?
2, 17, 41
List the prime factors of 1273.
19, 67
What are the prime factors of 114569?
7, 13, 1259
List the prime factors of 12549.
3, 47, 89
What are the prime factors of 81045?
3, 5, 1801
List the prime factors of 3860.
2, 5, 193
List the prime factors of 12106.
2, 6053
List the prime factors of 25664.
2, 401
What are the prime factors of 3267?
3, 11
List the prime factors of 1474.
2, 11, 67
List the prime factors of 2169.
3, 241
What are the prime factors of 1332?
2, 3, 37
What are the prime factors of 11806?
2, 5903
What are the prime factors of 727?
727
List the prime factors of 2159.
17, 127
List the prime factors of 617.
617
List the prime factors of 23458.
2, 37, 317
List the prime factors of 100343.
100343
What are the prime factors of 2591?
2591
List the prime factors of 6819.
3, 2273
What are the prime factors of 23349?
3, 43, 181
List the prime factors of 13681.
13681
List the prime factors of 1203.
3, 401
List the prime factors of 4178.
2, 2089
List the prime factors of 31012.
2, 7753
What are the prime factors of 178850?
2, 5, 7, 73
List the prime factors of 19994.
2, 13, 769
List the prime factors of 11236.
2, 53
What are the prime factors of 27209?
7, 13, 23
What are the prime factors of 18487?
7, 19, 139
What are the prime factors of 3924?
2, 3, 109
What are the prime factors of 4440?
2, 3, 5, 37
What are the prime factors of 769?
769
List the prime factors of 15967.
7, 2281
What are the prime factors of 25239?
3, 47, 179
What are the prime factors of 5378?
2, 2689
What are the prime factors of 2301?
3, 13, 59
List the prime factors of 3840.
2, 3, 5
What are the prime factors of 1408?
2, 11
List the prime factors of 119668.
2, 29917
List the prime factors of 10521.
3, 7, 167
List the prime factors of 57066.
2, 3, 9511
List the prime factors of 49982.
2, 67, 373
What are the prime factors of 38186?
2, 61, 313
What are the prime factors of 97041?
3, 7, 4621
List the prime factors of 1145.
5, 229
List the prime factors of 298.
2, 149
What are the prime factors of 22506?
2, 3, 11, 31
What are the prime factors of 2292?
2, 3, 191
List the prime factors of 192243.
3, 64081
What are the prime factors of 11979?
3, 11
List the prime factors of 6154.
2, 17, 181
What are the prime factors of 61453?
7, 8779
What are the prime factors of 30894?
2, 3, 19, 271
List the prime factors of 1021.
1021
List the prime factors of 514.
2, 257
What are the prime factors of 1134?
2, 3, 7
What are the prime factors of 1634?
2, 19, 43
List the prime factors of 85567.
41, 2087
List the prime factors of 1066.
2, 13, 41
List the prime factors of 167078.
2, 139, 601
List the prime factors of 47457.
3, 5273
List the prime factors of 1414.
2, 7, 101
What are the prime factors of 5117?
7, 17, 43
List the prime factors of 29610.
2, 3, 5, 7, 47
What are the prime factors of 4736?
2, 37
What are the prime factors of 1340?
2, 5, 67
What are the prime factors of 50612?
2, 12653
What are the prime factors of 193?
193
What are the prime factors of 2574?
2, 3, 11, 13
What are the prime factors of 42417?
3, 1571
What are the prime factors of 9912?
2, 3, 7, 59
List the prime factors of 771.
3, 257
What are the prime factors of 2365?
5, 11, 43
What are the prime factors of 2596?
2, 11, 59
What are the prime factors of 20775?
3, 5, 277
List the prime factors of 2262.
2, 3, 13, 29
What are the prime factors of 5445?
3, 5, 11
List the prime factors of 69562.
2, 34781
What are the prime factors of 1302?
2, 3, 7, 31
What are the prime factors of 1461?
3, 487
List the prime factors of 1591.
37, 43
What are the prime factors of 1576?
2, 197
What are the prime factors of 7273?
7, 1039
What are the prime factors of 1117?
1117
What are the prime factors of 2822?
2, 17, 83
What are the prime factors of 45557?
45557
List the prime factors of 4212.
2, 3, 13
What are the prime factors of 904?
2, 113
What are the prime factors of 769?
769
List the prime factors of 2306.
2, 1153
What are the prime factors of 186206?
2, 93103
List the prime factors of 5853.
3, 1951
List the prime factors of 1825.
5, 73
List the prime factors of 1371.
3, 457
List the prime factors of 32375.
5, 7, 37
List the prime factors of 7044.
2, 3, 587
List the prime factors of 781.
11, 71
What are the prime factors of 1759?
1759
List the prime factors of 126.
2, 3, 7
List the prime factors of 28147.
7, 4021
What are the prime factors of 1711?
29, 59
List the prime factors of 11562.
2, 3, 41, 47
List the prime factors of 16005.
3, 5, 11, 97
List the prime factors of 50.
2, 5
What are the prime factors of 31804?
2, 7951
What are the prime factors of 69897?
3, 23, 1013
What are the prime factors of 3635?
5, 727
List the prime factors of 16600.
2, 5, 83
List the prime factors of 51409.
101, 509
What are the prime factors of 2021?
43, 47
List the prime factors of 4781.
7, 683
What are the prime factors of 201?
3, 67
List the prime factors of 157.
157
List the prime factors of 13310.
2, 5, 11
What are the prime factors of 1944?
2, 3
List the prime factors of 1131.
3, 13, 29
What are the prime factors of 73583?
73583
List the prime factors of 5902.
2, 13, 227
List the prime factors of 2979.
3, 331
List the prime factors of 1119.
3, 373
List the prime factors of 1634.
2, 19, 43
List the prime factors of 159608.
2, 71, 281
What are the prime factors of 334?
2, 167
What are the prime factors of 698?
2, 349
List the prime factors of 1255.
5, 251
List the prime factors of 529.
23
What are the prime factors of 393?
3, 131
List the prime factors of 11156.
2, 2789
What are the prime factors of 54384?
2, 3, 11, 103
List the prime factors of 1320.
2, 3, 5, 11
List the prime factors of 34037.
101, 337
What are the prime factors of 61927?
61927
List the prime factors of 1368.
2, 3, 19
What are the prime factors of 5262?
2, 3, 877
List the prime factors of 11943.
3, 1327
List the prime factors of 6668.
2, 1667
List the prime factors of 42624.
2, 3, 37
List the prime factors of 8245.
5, 17, 97
List the prime factors of 22905.
3, 5, 509
What are the prime factors of 11942?
2, 7, 853
List the prime factors of 4295.
5, 859
List the prime factors of 5661.
3, 17, 37
List the prime factors of 6809.
11, 619
List the prime factors of 568.
2, 71
What are the prime factors of 804?
2, 3, 67
List the prime factors of 11811.
3, 31, 127
What are the prime factors of 10839?
3, 3613
What are the prime factors of 3229?
3229
What are the prime factors of 1408?
2, 11
What are the prime factors of 309?
3, 103
List the prime factors of 1453.
1453
List the prime factors of 2131.
2131
List the prime factors of 8039.
8039
List the prime factors of 9781.
9781
What are the prime factors of 96182?
2, 48091
List the prime factors of 80486.
2, 7, 5749
What are the prime factors of 54039?
3, 18013
What are the prime factors of 348?
2, 3, 29
What are the prime factors of 88851?
3, 7, 4231
What are the prime factors of 655?
5, 131
What are the prime factors of 4524?
2, 3, 13, 29
List the prime factors of 868.
2, 7, 31
List the prime factors of 346.
2, 173
List the prime factors of 1905.
3, 5, 127
What are the prime factors of 2199?
3, 733
List the prime factors of 2041.
13, 157
What are the prime factors of 1588?
2, 397
List the prime factors of 29.
29
List the prime factors of 22855.
5, 7, 653
List the prime factors of 685.
5, 137
What are the prime factors of 11524?
2, 43, 67
List the prime factors